096949. What is the tens digit of r?
6
What is the hundreds digit of (2 + 82/(-7))*232715/(-610)?
7
Let f(u) = -2*u - 1. Let o be f(-17). Suppose 4*m + o = -1347. Let w = -210 - m. What is the hundreds digit of w?
1
Suppose 0 = 3*g - 15. Let v(d) = d**2 + 43*d - 6. Let k be v(12). Suppose -4*q + 2*s = -k, 0 = -g*q - s + 2*s + 822. What is the tens digit of q?
6
Let i be -2*2/4 - -4. Suppose 5*z - i*r - 2406 = 2*z, -z + 814 = 3*r. What is the units digit of z?
5
Let y(g) = -5*g**3 + 10 + 9*g**3 + 7*g**2 - 5*g**3 - 33. What is the units digit of y(6)?
3
Let i(y) = 46*y**2 + 179*y - 182. What is the ten thousands digit of i(-29)?
3
Suppose 294*w = 258*w + 2020644. What is the thousands digit of w?
6
Let m(o) = o**3 - 6*o**2 + 2*o + 4. Let u be m(5). Suppose 8*l - 21*l = -10322. What is the tens digit of (-120)/(-66) - 2 - l/u?
7
Suppose d - 177 = 5*c, 3*d + 340 = 5*d + 4*c. Suppose 0 = -5*g - 5*h + 280, -7*h = 3*g - 3*h - d. Let n = 12 + g. What is the tens digit of n?
6
Let h be 2 + 974/(-6) - (-10)/(-15). Let k = 673 + h. Let f = -360 + k. What is the hundreds digit of f?
1
Let a(w) = 3*w**3 - 2*w**2 - w - 6. Let x be a(3). Let l be ((-90)/27)/((-4)/x). Suppose -l = -y + 44. What is the tens digit of y?
8
Let q = -12 - -15. Suppose -q*r + 2*l = -l - 1092, 0 = 5*r - 3*l - 1824. What is the hundreds digit of r?
3
What is the thousands digit of ((-18)/52 - ((-12)/13)/(-6))*-31274?
5
Let u = 49 - 48. Let m be 5 - -4 - (u + 3). Suppose 171 + 339 = m*z. What is the hundreds digit of z?
1
Suppose -w = 3*b - 2892, 0*b = -w - 2*b + 2896. Suppose 4*d = -8*d + w. What is the tens digit of d?
4
Let r(w) be the third derivative of w**5/3 - w**4/4 - w**3 - 23*w**2. What is the units digit of r(4)?
0
Suppose 2*h - t + 5*t - 5636 = 0, 3*h - 8453 = -5*t. Suppose 10*o - h = 2*o. What is the hundreds digit of o?
3
Let l(t) = -t**2 - 18*t - 65. Let z be l(-13). Suppose 10*v - 2 - 38 = z. What is the units digit of v?
4
Let r(m) = -m**3 - 10*m**2 - m - 6. Let g be r(-10). Let y be 2/4 + 544/64. What is the units digit of 4/(-72)*g - (-767)/y?
5
Suppose 40*f - 423927 = 72*f - 53*f. What is the thousands digit of f?
0
Let f(w) = -42 - 77 + 2 - 16 - 39 + 191*w. What is the hundreds digit of f(8)?
3
What is the units digit of 2 + 2137 - (-1 + 3 + 3)?
4
Suppose -m + 19664 = 3*v, 2*v + 16*m - 11*m - 13092 = 0. What is the tens digit of v?
5
Suppose -2*h = 2*h + 3*u - 16, 0 = 4*h - 3*u + 8. Let q be 6 + h*(-3)/1*-1. Suppose x + 3*s = 17, -2 = -x + 3*s - q. What is the units digit of x?
5
Let p = -383 + 30885. What is the hundreds digit of p?
5
Let q(s) = 85 - 47 + 2*s - 45. Let l be q(4). What is the tens digit of (-2 + 1)/(l/(-41)*1)?
4
Suppose 75*m - 378460 = 56251 + 120439. What is the thousands digit of m?
7
Let g(u) = -271*u - 635. What is the tens digit of g(-14)?
5
Suppose 3*d = z + 152281, -2*d + 125521 = -z + 24003. What is the thousands digit of d?
0
Suppose 128460 = 4*c + 5*t - 51627, 0 = -5*c + t + 225058. What is the tens digit of c?
1
Suppose -3*r + 144 + 3081 = 3*d, r = -4*d + 1063. Suppose -4*k + 2666 = k - 2*o, -2*k = -5*o - r. Suppose -k = -4*w - 0*w. What is the tens digit of w?
3
Let l be (-1936)/(-14) + (-8)/28. What is the hundreds digit of 3 + l + -10 + 16?
1
Let p(t) = t**2 + 2*t - 36. Let w = 123 + -133. Let f be p(w). Suppose 8*z = -f + 348. What is the units digit of z?
8
Suppose 5*k = -z - 24, -4*k + 3 = 2*z + 45. What is the tens digit of (-1*7)/(z/1292)?
7
Suppose -4*f = 4*v - 20, 16*v + 20 = 2*f + 20*v. Suppose f = 33*k - 29*k - 4236. What is the thousands digit of k?
1
Suppose -51 = -17*z - 17. Let t(i) = i**3 + 5*i**2 + 5*i + 6. Let f be t(-4). Suppose z*b - 5*b = -a + 50, -f*a + 120 = -b. What is the tens digit of a?
6
Suppose 0 = -2*i - 2*n + 8544, -4*i + 2*n = -2975 - 14119. What is the thousands digit of i?
4
Let c be 1/(1 - -3) - 1084/(-16). Suppose -3*y - c = -2*v, -5*y - 4*v - 104 = -y. What is the units digit of (6/(y/(-10)))/(1/2)?
5
Suppose 2*k - 9830 - 1893 = 1373. What is the hundreds digit of k?
5
Suppose -5*y = 66 - 86. Let t(x) = 23*x + 13. Let g be t(14). Suppose -3*z - g = -3*o + z, 454 = y*o + 2*z. What is the hundreds digit of o?
1
Let t = 926 - 540. Let k = 559 - t. Let l = k - 106. What is the tens digit of l?
6
What is the thousands digit of 20/(-60) + (-228046)/(-21)?
0
Let h = 723 + 145. What is the hundreds digit of 2 - (42/7 - h)?
8
Let z be 2516 - (-6 + 1)*(-20)/20. Suppose z = 1205*d - 1202*d. What is the hundreds digit of d?
8
Let u be (10/(-5))/((-3 - -2)/(-1)). What is the tens digit of (6/2 + u)*596?
9
Let c(q) = 802*q + 16. Let f be c(2). What is the tens digit of (302/(-10) + -1)*f/(-243)?
0
Let s = -7 - -17. Let j be ((-10)/2)/(-5)*s. Suppose 15 = j*y - 45. What is the units digit of y?
6
What is the tens digit of ((-156)/(-60) - 3) + 115056/15?
7
What is the ten thousands digit of (0/(-1) - -4*111293/156)*6?
1
Let j be -2*1*13/((-26)/200). Let m = j - 110. What is the tens digit of m?
9
Let i be 88/(-110)*((-1795)/2 - 0). Suppose 11*m = 9*m + i. What is the hundreds digit of m?
3
Suppose -8*n + 4*n = -96. Let b be (-14)/((n/(-92))/3). Suppose 4*r + 216 + b = 3*m, -5*m + 3*r + 632 = 0. What is the units digit of m?
7
Let z(x) = -292*x - 232. What is the tens digit of z(-15)?
4
Suppose -77*y + 21004 = -73*y. What is the thousands digit of y?
5
Let y = -4 - 3. Let t(s) = 15*s**2 + 386*s - 380*s - 13*s**2 + 9 + 7. What is the units digit of t(y)?
2
Let o be (-35 - 1244) + 4 + 0. Let y = o + 1890. Suppose i = -2*k + 123, 5*i + 5*k - y = 2*k. What is the hundreds digit of i?
1
Let r(u) = -28*u**2 + 4*u + 7. Let l be r(-3). Let g = 105 - l. What is the tens digit of -5 + 222/42 - g/(-7)?
5
Let d be 9*19/2*4/6. Let w = d - 35. Suppose 0 = -4*c + 5*c - 2*y - w, -5*c + 130 = -5*y. What is the units digit of c?
0
Suppose -63*c - v - 47165 = -67*c, -v = 5*c - 58972. What is the units digit of c?
3
Suppose 131*l - 1130313 = 20*l. What is the thousands digit of l?
0
Let c be (3 + 5 + -10)/(4/(-1230)). Suppose 4*m - d = c, -2*d = m - 0*m - 165. What is the hundreds digit of m?
1
Let a(g) be the third derivative of 15*g**2 + 1/8*g**4 + 1/6*g**3 + 0 + 0*g. What is the tens digit of a(8)?
2
What is the thousands digit of (-2 - 28)*4532/(-24)?
5
Let w(g) = -7*g**3 - 82*g**2 + 12*g + 146. What is the thousands digit of w(-16)?
7
Suppose -747 = -5*r + 3*k, 2*r - 170 = 3*k + 136. Let h = -34 - -34. Suppose -3*n = -3*l + 141, -4*l + 5*n + r + 46 = h. What is the tens digit of l?
4
Suppose 0 = -131*o + 133*o. Suppose 5*x - 961 = 14. Let c = x - o. What is the units digit of c?
5
Let q(v) = 323*v + 2550. What is the tens digit of q(47)?
3
Let g = -26 - -26. Let l(v) = 12 + g*v + 0 + v + 24. What is the tens digit of l(-12)?
2
Suppose -24 = g + s, 5*s - 69 = 4*g - 2*g. Let f(z) = 2*z + 86. What is the units digit of f(g)?
2
Let u(g) be the third derivative of 1/4*g**4 - 61/6*g**3 + 0*g + 0 - 22*g**2. What is the tens digit of u(20)?
5
Let l be ((-984)/60)/(-1 + (-297)/(-300)). Suppose 5*c - l = -5*x, 5*c = 3 + 2. What is the hundreds digit of x?
3
Let c = -64 - -92. Let h be (-4)/(-14) - 624/c. Let l = 18 - h. What is the tens digit of l?
4
Let g(c) = -528*c + 71. Let h be g(4). Let m = h + 2907. What is the hundreds digit of m?
8
Suppose -2*q = -j - 6817, 9*q - 3*j - 17040 = 4*q. What is the hundreds digit of q?
4
What is the ten thousands digit of (58808/20)/(1/175*10)?
5
Suppose 0 = -q - 5, -58*r + 3*q = -55*r - 40941. What is the units digit of r?
2
Let t(y) = 392*y**2 + 283*y + 2864. What is the hundreds digit of t(-10)?
2
Let w(n) = n**3 - 7*n**2 + 7*n - 4. Let t be 9*(16/6 + -2). Let b be w(t). Suppose -m + o - 2*o = -105, -8 = b*o. What is the units digit of m?
9
Let y = -1584 - -4954. Suppose -29*d = -24*d - y. What is the units digit of d?
4
Let s = -163 - -168. Suppose 5*m = -2*z + 512, 0 = -0*m + s*m - 5*z - 505. What is the units digit of m?
2
Let t(a) = 33*a - 296. Let g(m) = 17*m - 148. Let h(l) = -9*g(l) + 4*t(l). What is the units digit of h(-8)?
6
Let i be (219*(-6 + 2)/4)/(-1). Let s = i + 35. What is the units digit of s?
4
Suppose -31015 + 10498 = -34350*o + 34343*o. What is the tens digit of o?
3
Let y(n) = -23*n**2 + 2*n + 2. Let d be y(-3). Let g be -1 + d/(-1) + 2. Suppose 0 = -0*a + 4*a - g. What is